ppose 0 = y - 1, -4*i + n = y - 6. Suppose -3*w = -j - 0*w + i, -3*j + 5*w = -40. Calculate the remainder when 9 is divided by j.
4
Let h(q) = -q**2 + 3*q - 9. Let d be h(4). Calculate the remainder when 49 is divided by -4 + (-3 - -11) - d.
15
Let s(m) = 5*m**2 - m - 1. Let g be s(-1). Let j(n) = 2*n**2 - 3*n - 6. Calculate the remainder when j(g) is divided by 15.
14
Suppose s + 4*a = -s - 16, 2 = -4*s - 2*a. Suppose s*j = -j. What is the remainder when -1 + j - -1 - -19 is divided by 10?
9
Suppose -5*l = -8*l + 198. Let o = l + -40. What is the remainder when o is divided by (1 + 7/(-5))*-35?
12
Let m(t) = 7*t + 1. Let d be m(1). Let s = d - -29. Calculate the remainder when s is divided by 13.
11
Suppose 490 = 9*y + 31. What is the remainder when 98 is divided by y?
47
Let r = 3 + 0. Suppose 3*f - 58 = f - 3*x, x = -r*f + 87. Calculate the remainder when f is divided by 16.
13
Suppose i = 6*i - 110. What is the remainder when i is divided by 8?
6
Suppose 6*o - o - 3*j - 77 = 0, -5*j = o + 7. Suppose -2*l - 2*l = -8. Let b(f) = 4*f**3 - 2*f**2 - f + 2. What is the remainder when b(l) is divided by o?
11
Let s(p) = p**3 - p**2 + 58. Suppose 2*h = -5*k + 83, 10*h - 7*h = 4*k - 48. What is the remainder when s(0) is divided by k?
13
Suppose -2*k - t + 10 = 2*t, 59 = 5*k - t. Let c = 5 - -3. Suppose -5*g + 4*i = -4, -2*g = g - i - c. What is the remainder when k is divided by g?
3
What is the remainder when (32/176 - 1395/(-11)) + -3 is divided by 16?
12
What is the remainder when ((-3)/4)/(((-12)/(-4))/(-72)) is divided by 4?
2
Suppose -8*h + 561 = 3*h. What is the remainder when h is divided by 27?
24
Suppose -36 = -4*i + 20. Suppose i = -z + 51. What is the remainder when z is divided by -1*4*13/(-4)?
11
Suppose f + j - 145 = -f, -2*j = 2. Calculate the remainder when f is divided by 25.
23
Let l(p) = 2*p**2 - 12*p + 21. What is the remainder when 82 is divided by l(6)?
19
Let r(q) = q + 1. Let f be r(-2). Let l = f + 19. Calculate the remainder when (-2 - -4)*(-138)/(-4) is divided by l.
15
Suppose 8*y = 74 + 78. What is the remainder when y is divided by 11?
8
Suppose -326 = -5*j - 3*o, 7*j = 2*j + 5*o + 310. What is the remainder when j is divided by 35?
29
Suppose -24 = 5*a - 59. What is the remainder when 11 is divided by a?
4
Let h(p) = p**2 + 8*p + 2. Let m = -14 + 6. Let g be h(m). Suppose -2*n + 7 = -n + 3*d, -n = g*d - 10. Calculate the remainder when n is divided by 9.
7
Let t = 39 + -3. Suppose 40*g - 38*g = 26. What is the remainder when t is divided by g?
10
Let v = 202 - 131. Calculate the remainder when v is divided by 37.
34
Let s = 0 + -2. What is the remainder when 9 is divided by s/(-6) + (-34)/(-6)?
3
Suppose -3*p + 2*p = -114. What is the remainder when 69 is divided by (-211)/(-6) - 19/p?
34
Let p = -24 - -47. What is the remainder when p is divided by 5?
3
Let r(n) = 3*n - 4. What is the remainder when r(3) is divided by (6/(-16))/(1/(-8))?
2
Suppose 94 = 2*l + 10. What is the remainder when l is divided by 22?
20
Let g(a) = -a**2 + 11*a + 1. Let v be g(11). Suppose 0*y + v = -y, 0 = 4*n + 5*y - 163. What is the remainder when n is divided by 11?
9
Let o be -5 + 5 - -1*1. What is the remainder when (4/10)/((-6)/(-120)) is divided by o/3 - (-16)/6?
2
What is the remainder when 249 is divided by ((-90)/21 - -4) + 704/14?
49
Let w = 29 + -13. Calculate the remainder when 111 is divided by w.
15
Let w be 2/(-6)*(-15)/1. Suppose w*y = -x - 4*x, -4*y - 4 = 2*x. Let u(t) = 6*t - 1. What is the remainder when 21 is divided by u(x)?
10
Let j = 1 - -2. Suppose 0*a + 36 = a - c, j*c - 102 = -3*a. What is the remainder when a is divided by 12?
11
Suppose -74 = -d - 5*n + n, 3*d - 194 = -5*n. Let p = -25 - -45. Calculate the remainder when d is divided by p.
18
Let h(x) be the second derivative of 0*x**3 - 2*x - 1/12*x**4 + 0 + 1/2*x**2 - 1/4*x**5. What is the remainder when 14 is divided by h(-1)?
4
Let n = 78 - 60. Calculate the remainder when n is divided by 7.
4
Suppose -5*t = -176 - 339. What is the remainder when t is divided by 21?
19
Let u = 61 - -19. Calculate the remainder when u is divided by 42.
38
Let f be 4/14 + 12/7. Let m(l) = -7*l - 6. Let x(h) = -13*h - 13. Let z(w) = -9*m(w) + 4*x(w). Calculate the remainder when z(f) is divided by 13.
11
Let a = 115 + -103. Calculate the remainder when 23 is divided by a.
11
Let b = 118 - 1. What is the remainder when b is divided by 20?
17
Suppose -r + 3 + 11 = 3*h, 3*h + 26 = 4*r. Calculate the remainder when 30 is divided by r.
6
Let q(a) = -a**2 + 5*a + 4. Let s be q(7). Let v be ((-24)/s)/(8/(-100)). Calculate the remainder when -2 + 3 + -1 - v is divided by 16.
14
Let i(x) = 13*x**3 - 1. Let t(n) = -n**2 - 8*n + 1. Let m be t(-8). Calculate the remainder when 23 is divided by i(m).
11
Let s = 11 + -7. Suppose -2*d + 0*d = 3*q - 14, s*d = 16. What is the remainder when q/(-3) + (-208)/(-6) is divided by 18?
16
What is the remainder when 84 is divided by -3 - (-1 + 5)/(2/(-13))?
15
Let l = 38 + -30. Let q(a) = 3*a**3 - 3*a**2 + a + 1. Calculate the remainder when q(2) is divided by l.
7
Suppose -3*j = 4*x - 15, -6*j + 3*x = -4*j - 10. Suppose -5*t - 2*h - 1 = 0, -5*t = h - 5*h - 17. What is the remainder when (0 + t)*(7 + 2) is divided by j?
4
Calculate the remainder when 175 is divided by (-3 - -36)/((-6)/(-8)).
43
Suppose 2*p = 5 + 3. Suppose 16 + 32 = 4*z + 5*s, -p*s = -z - 9. Calculate the remainder when z is divided by ((-8)/(-20))/(3/30).
3
Suppose 6 = 4*m - 2. Suppose 5*z = 3*z + 8. Suppose -b + 5*j - 20 = -z*b, 3*j = -4*b + 23. Calculate the remainder when b is divided by m.
1
Suppose -45 - 27 = -6*r. What is the remainder when 34 is divided by r?
10
Let y = -13 + 2. Let q(a) = a**2 - 5*a + 4. Let h be q(7). Let x = y + h. What is the remainder when x is divided by 4?
3
Let w = -4 + 5. What is the remainder when 16 is divided by w*-1 + (5 - -2)?
4
Let w = 123 + -86. Suppose -4 = 2*u - 12. Suppose 3 = q - 3*h - 2*h, -5*q - u*h = -73. What is the remainder when w is divided by q?
11
Suppose 4*b - 14 + 2 = 0. Calculate the remainder when 4 is divided by b.
1
Let z(v) = v**2 + 2*v - 4. Let s(h) = 2*h**3 + 2*h**2 - h. Suppose 2 = -0*a + 2*a. Calculate the remainder when z(-4) is divided by s(a).
1
Let r(d) = d - 12. Suppose -2*c - 2*c + 44 = 0. Calculate the remainder when c is divided by r(18).
5
Suppose 6*g + 361 = 3*l + g, g = -l + 107. What is the remainder when l is divided by 38?
36
Suppose 0*t + t + 14 = 0. Let c(y) = 6*y**2 + y + 2. Let g be c(-2). Let q = g + t. What is the remainder when 29 is divided by q?
9
Suppose 38 = 4*l + 2*q, 0 = 2*l + 3*l + 2*q - 48. Suppose 5*r + 5 = -l. What is the remainder when 15 + 3 + r + 1 is divided by 9?
7
Let w(g) = g**3 - g**2 + 9. Let t be w(0). Suppose -4*h - x - t = -154, 4*h + 4*x = 160. Let c = 8 - -4. What is the remainder when h is divided by c?
11
Suppose -5*m + 4*m + 3 = 0. Let i = 9 - 4. What is the remainder when m is divided by ((-2)/2)/(i/(-15))?
0
Let v(y) = y**2 - y + 3. Suppose 2*s = s. Suppose -4*c + s = 16. What is the remainder when v(c) is divided by 8?
7
Suppose 8*n = 3*n + 90. Let g(h) = -h - 2. Let q be g(-7). Suppose 59 = y + 5*v, q*v - 2*v = 2*y - 53. What is the remainder when y is divided by n?
16
Let t = 255 - 140. What is the remainder when t is divided by 17?
13
Calculate the remainder when 47 - -1 - 3/1 is divided by 24.
21
Let y = 58 - 32. What is the remainder when 101 is divided by y?
23
Suppose 3*p - 175 = 2*u - 7*u, 3*p = 0. Suppose -4*w - 3 = n - 53, 2*n - u = -3*w. Calculate the remainder when 50 is divided by w.
11
Let s be (-8 - (1 - -1))/(-2). Suppose -2*b - 5*n + s = 0, 3*n + 3 = b + 6. Suppose b = 3*u - u - 16. What is the remainder when 22 is divided by u?
6
Let p(k) = -5*k + 1. What is the remainder when 41 is divided by p(-4)?
20
Let q(r) = -r + 7. Let i be q(5). Suppose -i*b = 2*b + 36. Let s = 4 - b. What is the remainder when 25 is divided by s?
12
Suppose j + 0 = 1. Calculate the remainder when j is divided by 1.
0
Suppose 2*b - 4*b = 5*q - 5, -4*b + 37 = q. Calculate the remainder when 38 is divided by b.
8
Suppose -7*r + 56 = -3*r. Suppose -1 - 51 = -s. Suppose 5*o = 3*o + s. Calculate the remainder when o is divided by r.
12
Let n(f) = f**2 + f - 20. Calculate the rema